11 = j. What is the remainder when 55 is divided by a?
13
Let v(f) = 6*f - 4 + 3*f**2 - 2*f**2 - 3*f. What is the remainder when v(6) is divided by ((-2)/(-3))/((-16)/(-408))?
16
Let y(q) = -5*q - 14. Let k(c) = c**2 + 3*c + 1. What is the remainder when y(-9) is divided by k(-5)?
9
Suppose -6 + 18 = 4*q. Calculate the remainder when 10 is divided by q.
1
Suppose 0 = o + 2*l - 11, 8*o + l = 5*o + 33. Calculate the remainder when o is divided by 7.
4
Let z be (-10)/(-40) - 22/(-8). Suppose -z*w = -2*w - 10. What is the remainder when 37 is divided by w?
7
Let z(b) be the first derivative of -b**2/2 - 2*b - 2. Let x be z(-8). Let v(y) = y**3 - 5*y**2 + 2*y + 2. What is the remainder when v(x) is divided by 17?
16
Suppose 0 = -5*a + 7*a - 22. What is the remainder when 63 is divided by a?
8
Let h be (2/(-6))/((-3)/(-9)). Let x(c) = -48*c**3 - c**2. Suppose -i - 48 = -4*i. What is the remainder when x(h) is divided by i?
15
Let c = 9 - 3. Suppose -c*j - 56 = -10*j. Calculate the remainder when 55 is divided by j.
13
Suppose 1 = 5*i - 54. Let m = 1 + -4. Let y = 9 + m. Calculate the remainder when i is divided by y.
5
Suppose -5*r - 15 = 20. Let i(z) = z**2 + 6*z - 7. Let w be i(r). Suppose w = 5*g - 57 - 18. What is the remainder when 27 is divided by g?
12
Let h be 2/3 + (-16)/(-12). Suppose 0 = -0*j + h*j - 66. Suppose -2*a + j = a. Calculate the remainder when 21 is divided by a.
10
Let o = 85 + 2. Calculate the remainder when o is divided by 22.
21
Let v be ((-8)/(-14))/(2/7). Suppose -134 + 6 = -v*y. Suppose -m - y = -5*m. Calculate the remainder when m is divided by 9.
7
Suppose 2*h + 3*n = 0, -6*n = -n. Suppose -r - 4 + 15 = h. Calculate the remainder when 31 is divided by r.
9
Suppose 2*r - 99 - 77 = -2*u, -2*r = u - 175. What is the remainder when r is divided by 22?
21
Let s(p) = -41*p + 16. Calculate the remainder when s(-6) is divided by 44.
42
Suppose 2*w = -2*w + 3*n + 80, -4*n - 60 = -3*w. What is the remainder when w is divided by 11?
9
Suppose 66 = 26*b - 20*b. Calculate the remainder when 30 is divided by b.
8
Let c(p) = 50*p**2 - p - 1. Let v(x) = -x**2 - 5*x - 5. Let q be v(-4). What is the remainder when c(q) is divided by 26?
24
Let z = -1 - -15. Calculate the remainder when ((-50)/(-4))/(7/z) is divided by 7.
4
Let b = 71 + -33. Calculate the remainder when b is divided by 10.
8
Let s(m) = -m**2 - 2*m - 4. Let i be s(-3). Let u(j) = -j**3 - 6*j**2 + 9*j + 4. Let f be u(i). Let z = f + 29. Calculate the remainder when 36 is divided by z.
17
Let u(i) = i**2 + 11*i - 6. What is the remainder when 17 is divided by u(-12)?
5
Let k(g) = 2*g**3 + 28*g**2 - 30*g + 21. What is the remainder when 80 is divided by k(-15)?
17
Suppose s - 33 = 1. What is the remainder when s is divided by (-2)/(2/(-5)) + 2?
6
Let t be -5 + 73 + -2 + 1. Let l = -45 + t. Calculate the remainder when l is divided by 12.
10
Let h = -67 + 106. Suppose 0 = 5*i + 4*i - 99. Calculate the remainder when h is divided by i.
6
Suppose 4*x - 36 = -4*c, -8*x + 3*x - 2*c + 33 = 0. Suppose 3*r - x = -j, -3*r - 17 = -2. Calculate the remainder when 59 is divided by j.
19
Let r = 105 + -75. Suppose -3*z + r = -3. Suppose -183 + 56 = -4*n + v, 130 = 4*n - 2*v. Calculate the remainder when n is divided by z.
9
Suppose 5*i = -5*x + 220, 8*x - 3*x - 5*i - 230 = 0. What is the remainder when x is divided by 12?
9
Suppose 2*g - 18 = -2. Calculate the remainder when 31 is divided by g.
7
Suppose -78 = -w - 0*w. Suppose -2*m + w = -0*m. Calculate the remainder when m is divided by 20.
19
Suppose -3*i + 8*i - 29 = -3*g, 23 = 5*g + 2*i. What is the remainder when 9 is divided by g?
0
Let i = -1 + 4. Suppose 35 = w + 4*w. Calculate the remainder when w is divided by (3/(-5))/(i/(-15)).
1
Suppose 0 = -11*r + 130 + 35. Calculate the remainder when 132 is divided by r.
12
Suppose 4*n + 3*g - 255 = 6*g, -295 = -5*n - g. Let f be 4/(-18)*-3*6. Suppose n = r + f*r. What is the remainder when 22 is divided by r?
10
Suppose 4*q + 112 = 4*z, -3*q = 2*z - q - 44. What is the remainder when z is divided by 4?
1
Suppose -177 = 4*i - i. Let j = -24 - i. Calculate the remainder when j is divided by 9.
8
Let v(g) = 2*g + 21. Let f(l) be the third derivative of l**5/30 - 5*l**4/24 - l**3/6 + 3*l**2. What is the remainder when v(0) is divided by f(4)?
10
Let d(r) = 3*r**3 - 3*r**2 + r. Suppose 0 = 2*q - 3 - 1. Suppose z = q*u - 0*z - 80, 2*u - 80 = -3*z. What is the remainder when u is divided by d(2)?
12
Suppose 0 = -z - 0 + 6. Suppose -4*x - z = -26. What is the remainder when 19 is divided by x?
4
Suppose 4*z + 20 = 5*z. What is the remainder when z is divided by 11?
9
Let q(d) = 8*d + 3. Let m(t) = -t**2 + t. Let j(a) = m(a) - q(a). Let c(v) = v**3 - v**2 + 20. Calculate the remainder when c(0) is divided by j(-5).
6
Let y = -5 - -8. Suppose 4*h = y*h + 43. Calculate the remainder when h is divided by 15.
13
Let g = -18 - -26. Suppose -2*c + c = -g. Calculate the remainder when 37 is divided by c.
5
Let x(q) = 12*q - 19. Suppose n + 3 - 5 = 0, -4*p + 66 = 3*n. What is the remainder when x(4) is divided by p?
14
Suppose 182 = 4*j + 34. Calculate the remainder when 221 is divided by j.
36
Let v = -22 - -16. Let l(g) = g**3 + 5*g**2 - 10*g - 8. Let s = -1 + 7. Calculate the remainder when l(v) is divided by s.
4
Suppose 8*h = 4*j + 3*h - 139, -5*h = 4*j - 109. What is the remainder when 59 is divided by j?
28
Let g = -72 + 119. Calculate the remainder when 183 is divided by g.
42
Let o(l) = l**3 + l**2 - 2*l. Let d be o(-2). Suppose 2*j - 2 - 16 = d. Calculate the remainder when (6 - -14) + -4*1 is divided by j.
7
Suppose -4*l = 2*h - 20, h + l - 3 = 4. Suppose -3*u = -12, 0*f - h*f + 60 = 2*u. Calculate the remainder when f is divided by 5.
3
Suppose -4*h + 78 = -h. Suppose -2*t + 22 = -h. Suppose 4*s - t = 32. What is the remainder when 41 is divided by s?
13
Let b = 3 - -1. What is the remainder when b is divided by 1?
0
Let g(k) = k**3 - 10*k**2 + 8*k + 9. Let i be g(9). Suppose 2*s - 4 - 44 = i. Calculate the remainder when s is divided by 9.
6
What is the remainder when 213*(2/6 + 0) is divided by 37?
34
Let s(z) = 6*z - 1. Suppose 5*v + n = 147, -3*v + n + 153 = 2*v. Calculate the remainder when v is divided by s(2).
8
Let v(q) be the first derivative of -1/2*q**2 - 9/4*q**4 - q + 2 - 1/3*q**3. What is the remainder when v(-1) is divided by 3?
2
Let l = -13 - -9. Calculate the remainder when 18 is divided by l/(-6) - 56/(-6).
8
Suppose 3*x - 24 = 3*q - 138, 2*q - 5*x = 61. Calculate the remainder when q is divided by (4 - 1)*-1 - -25.
21
Let l(h) = -6*h + 51. What is the remainder when 3 is divided by l(8)?
0
Suppose 13 = y + 5. Let m(j) = 0*j**2 - 2 + 4*j**2 + j**3 - y*j + j**2. What is the remainder when 19 is divided by m(-6)?
9
Let u(j) = j**2 + 6*j + 6. What is the remainder when 86 is divided by u(-8)?
20
Suppose -46 = 2*k - 5*k + 2*l, 2*l = k - 22. Calculate the remainder when (-262)/(-6) + k/(-18) is divided by 15.
13
Let z(n) be the third derivative of n**6/120 + 7*n**5/60 + 4*n**3/3 - 6*n**2. What is the remainder when 22 is divided by z(-7)?
6
Let g be ((-1)/(-2))/(3/24). Let i = g - -9. Suppose -3*p - 2*t = -111, -p + t + 111 = 2*p. Calculate the remainder when p is divided by i.
11
Let z(r) = r**2 + r - 3. Let t be z(-3). Suppose 12*c - 7*c = 125. Suppose -t*i + c + 5 = 0. What is the remainder when 18 is divided by i?
8
Suppose -4*b + 0*b = -8. Let u(z) = z + 1 + 8*z**2 + b - 2. Calculate the remainder when u(2) is divided by 12.
11
Let y(b) = -7*b + 7. Let v(c) = 2*c + 1. What is the remainder when y(-4) is divided by v(4)?
8
Let a be 3*(-2 + 26/6). Let i = a + 4. What is the remainder when 41 is divided by i?
8
What is the remainder when (-249)/6*(-4 - -2) is divided by 14?
13
Let y(n) be the third derivative of -n**4/24 + 2*n**3 + 5*n**2. Calculate the remainder when y(9) is divided by 1.
0
Suppose 30 = 2*k - 7*k. Calculate the remainder when (-15)/(-10)*(-40)/k is divided by 4.
2
Suppose -20 = -u + 3*l - 7*l, 0 = 2*u - 3*l - 95. What is the remainder when u is divided by 21?
19
Suppose u - 65 = 5*m, -97 = -2*u - 2*m + m. Calculate the remainder when u is divided by 17.
16
Let k(u) = u**3 - 3*u - 4. What is the remainder when k(3) is divided by 6?
2
Suppose 3*o - 76 = -